 -3*s**2/2 - s - 86. Give d(-3).
8
Let s be 3*-1*16/(-24). Suppose x - 9 = -s*x. Let b(g) = -1 - 4*g + 2*g**3 - 9*g - 2*g**2 + 16*g - x*g**3. What is b(2)?
-11
Let s(k) = -2*k - 8. Let n(m) = -m**2 + 4*m + 2. Let g be n(4). Suppose 0 = 5*f + 2*b - 46, g*f - f + 4*b - 2 = 0. Let a be (-54)/f + (-6)/10. Give s(a).
4
Let m(f) = 2*f - 5. Let s be m(7). Suppose -i = s*i + 20. Let a(w) = -2*w**2 + w. What is a(i)?
-10
Let s(d) be the third derivative of -d**6/120 + 3*d**5/10 - 5*d**4/6 + 4*d**3 - 4*d**2 - 5. Give s(17).
-27
Let r(u) be the third derivative of u**7/2520 + u**6/180 + u**5/60 - u**4/2 + 16*u**2. Let y(o) be the second derivative of r(o). Calculate y(-6).
14
Let y(l) = 4*l**3 + 7*l**2 - 8*l - 14. Let q(o) = o**3 + 3*o**2 - 3*o - 5. Let c(i) = -7*q(i) + 2*y(i). Calculate c(6).
1
Let g(t) = t**2 + 6*t - 4. Suppose 0 = -2*w - 5*a + 2 + 7, w - 5*a + 18 = 0. Let r be (-4)/w*(-6)/(-4). Suppose 0 = r*y + 9 + 1. What is g(y)?
-9
Let q(z) = -3 - 9*z + 10*z + 22. Determine q(-8).
11
Let b(p) = -3. Let l(a) = -a + 7. Let h(i) = -5*b(i) - 2*l(i). Suppose -33 = 19*n + 43. Give h(n).
-7
Let l(u) = u**2 + 6*u. Let k(p) = 4*p. Let g be k(-1). Let z(f) = -f + 9. Let w be z(g). Let a be 3 - 1 - (w + -6). Determine l(a).
-5
Let t(j) = j**3 + 3*j**2 + 10*j. Let i(w) = -w**3 + w**2 - w. Let x(g) = 2*i(g) + t(g). Let m be 2 + 78/21 - (235/35 + -7). What is x(m)?
12
Let w(o) = -6*o + 175. Let h be w(29). Let m(v) be the first derivative of v**2 - v - 6. Determine m(h).
1
Let j(c) = 3*c**3 + 32*c**2 + 5*c + 1. Let b(p) = -p**3 - 11*p**2 - 2*p. Let w(l) = -17*b(l) - 6*j(l). Give w(-6).
6
Let w(q) = -21*q + 4. Suppose -60*b + 56*b = -8, -5*i = 4*b - 23. Calculate w(i).
-59
Let p(j) = -18*j**2 - 2*j + 6. Let d(r) = 4*r**2 - 1. Let y(s) = 5*d(s) + p(s). Suppose h = 2*g - 4, 3*g + 5*h - 6 = -0*g. Calculate y(g).
5
Let h(t) be the first derivative of 1/2*t**2 - 16 + 2*t. Suppose -4*f = -22 + 6. What is h(f)?
6
Let l(p) = -p**2 + 2*p + 5. Suppose 3*h - 31 = -2*d, 9 = 2*h - 1. Let b(z) = -z**3 + 8*z**2 + z - 4. Let m be b(d). Calculate l(m).
-3
Let u(i) = 6175 - 6175 + i. Give u(-2).
-2
Let j(a) be the first derivative of a**4/4 - a**3/3 - 6*a**2 + 5. Let m be j(4). Let l(q) = -q + m - 6 - 3. Determine l(-7).
-2
Let l(w) = 40*w**3 + 9*w**2 - 10*w - 3. Let q(z) = 5*z**3 + 2*z**2 - 2*z - 1. Let x(f) = l(f) - 4*q(f). Suppose -4 = -2*a - 2*r, 0 = -3*r + r + 2. Give x(a).
20
Let v(o) be the second derivative of -o**5/20 + o**4/12 + 7*o**2/2 - o. Let c = 56 - 78. Let r = 22 + c. What is v(r)?
7
Let u(k) = k + 4. Let s be u(9). Let g(o) = 3*o - 3 + 2*o**2 + o**3 - s*o + 7*o. Determine g(-2).
3
Let w(n) = 2*n**2 + 3*n - 11. Let c = 5 + -9. Determine w(c).
9
Let u(j) = j**3 - 5*j**2 - j. Let z(x) = -x**3 + 6*x**2 + 2*x - 1. Let o(k) = 4*u(k) + 3*z(k). Suppose -h - 3 = 4*y + 3, 8 = -4*y. What is o(h)?
1
Suppose -u + 22 = 4*j, 5*u + 0*u + j - 15 = 0. Suppose -5*w + 2 = u*d - w, 24 = -3*d + 3*w. Let r(g) = g. Determine r(d).
-5
Suppose -1 = -7*l + 8*l. Let y(c) = -5*c**3 - c**2 + c + 1. Give y(l).
4
Let j(k) = -k - 7. Suppose 153*n = 151*n + 98. Suppose 63 = 14*p - n. Calculate j(p).
-15
Let z = 91 + -62. Let y = -23 + z. Let j(r) = r - 8. Determine j(y).
-2
Suppose 2*c - 2 = 2*r, 2*r - 4*c = 16 - 26. Let j(b) = -13*b - 4. Give j(r).
-43
Let j(y) be the second derivative of -y**7/840 - y**6/180 - y**5/60 + y**4/24 + 23*y**3/6 - y. Let q(s) be the second derivative of j(s). Calculate q(-2).
5
Let s(r) = 55*r**2 - 12*r - 2. Let f(u) = -47*u**2 + 13*u + 3. Let j(q) = -7*f(q) - 6*s(q). Determine j(-12).
75
Let d(y) = -y**2 + 12*y - 30. Let i be d(7). Let x(r) = 2*r - 7. Determine x(i).
3
Suppose 0 = 3*y - 12. Suppose -i - 1 + 4 = 0. Let h(o) = 4*o + 7 - 5*o - i. Calculate h(y).
0
Let t(y) be the second derivative of -1/120*y**6 + 0 + 5*y**2 - y**3 - 1/12*y**5 - 7/24*y**4 + 12*y. Let w(v) be the first derivative of t(v). Determine w(-4).
6
Let d(u) = u**2 + 2*u - 4. Suppose -5*k - 12 = -18*z + 22*z, -2*k - 5*z - 15 = 0. What is d(k)?
-4
Let i(b) = -b**2 - 13*b - 7. Let f(t) = 2*t**2 + 27*t + 14. Let d(j) = 4*f(j) + 9*i(j). Let o(l) = -2*l - 46. Let s be o(15). Let q = 68 + s. Determine d(q).
1
Let z(m) = 335*m + 22. Let l(w) = 183*w + 12. Let u(y) = 11*l(y) - 6*z(y). Suppose 2*g = -2*g - 12. Calculate u(g).
-9
Let y(a) be the first derivative of a**3/3 - a**2/2 - 7*a + 40. Calculate y(4).
5
Let v = 0 - -4. Let p(c) = -c**2 - 3 - 3*c**2 + v*c**2 - c**2 - 5*c. What is p(-6)?
-9
Let d(c) = 2*c**2 - 7*c - 2. Let a(h) = -h**2 + h. Let p(k) = -a(k) - d(k). Let b be ((-20)/15)/(-4)*63. Let z = b + -16. What is p(z)?
7
Suppose 4*l - 5*l + 4*l = 0. Suppose l = -y + 3*y - y. Let f(v) = -v**3 + v**2 + v + 6. Determine f(y).
6
Let o(n) = -n**3 + 10*n**2 - 9*n - 6. Suppose 24 + 14 = 2*t + 4*g, 3*t + 3*g = 42. Calculate o(t).
-6
Let p = 214 - 216. Let j(r) = 3*r + 3. Give j(p).
-3
Suppose 35*o = -43*o - 78. Let d(v) = 14*v + 1. Determine d(o).
-13
Let l(x) = -x**3 - 11*x**2 + 10*x - 21. Let s be l(-12). Let u(n) = 0*n**3 + n**3 + 0*n - 3*n**2 + 3*n - 1. What is u(s)?
8
Let s(p) = -p**3 - 5*p**2 - 4*p + 1. Let c(w) = -4*w - 8 + 19 + 3*w - 4*w. Let k be c(-5). Let r = k - 39. Give s(r).
-5
Let u be (-5)/(-2)*(-8)/(-5). Let t(h) = 37*h - 15*h + u - 23*h - 8. Determine t(0).
-4
Let g be (-19)/120 + (-32)/(-160). Let i(k) be the third derivative of -1/12*k**5 - 5/6*k**3 + 0 + 0*k - g*k**4 + 1/120*k**6 + 8*k**2. Calculate i(5).
-10
Let a(h) = -h**3 - 9*h**2 - 7. Suppose 0 = 2*s - 2*f + 8, -3*f - f = 20. Give a(s).
-7
Let h(x) = -x**2 - 5*x + 52. Let m be h(-10). Let q(j) be the third derivative of 0*j + 1/24*j**4 - 4*j**m + 5/6*j**3 + 0. Give q(-3).
2
Let h = -60 + 62. Let r(b) = 13*b**h - 20*b - 12*b**2 - 27 + 21*b. Determine r(0).
-27
Let h(f) = -f**3 + 7*f**2 - 5*f - 4. Let g(v) = -3*v**2 + 2*v + 2. Let z(b) = 5*g(b) + 2*h(b). Calculate z(-2).
14
Let h(g) be the first derivative of -g**4/4 - 14*g**3/3 - 13*g**2/2 + 2*g - 311. Give h(-13).
2
Let m = 2 + 1. Suppose -m*u + 0*u = 6. Let w(c) = 2*c**2 + 3*c + 3 - 3 + 0*c**2. Determine w(u).
2
Let t(s) be the first derivative of -3*s**4/2 - s**3/3 - 3. Let m = -181 + 182. Calculate t(m).
-7
Let s(v) = -2 - 4*v**2 + 8 + 2 - 3*v + 3*v**2. What is s(-7)?
-20
Let m(z) = -z + 2. Let q be m(4). Suppose t + 5*s + 25 = 6*t, 5*t - 9 = s. Let b(w) = 2*w**2 + 0*w - 3*w + t + 5*w. Determine b(q).
5
Let v(c) = -4*c - c**2 + c - 4 + 5*c. Suppose 60 = 4*q + 11*q. Give v(q).
-12
Let k = 20 - 35. Let l be (-11 - k) + 4*-2. Let q be l/(-5)*(-25)/(-10). Let j(b) = -2*b**3 + 3*b - 3. Determine j(q).
-13
Suppose 2*l = 9 - 7. Let b(m) = m + 1. Let i(s) = -3*s - 14. Let p(t) = l*i(t) + 2*b(t). Give p(-5).
-7
Let w(b) be the third derivative of b**5/60 + 7*b**4/24 - b**2. Suppose x + 7 - 2 = 0. What is w(x)?
-10
Let n(y) = 3*y**3 - y - 1. Let g(m) be the first derivative of m**3/3 + 9*m**2/2 + 7*m + 1. Let q be g(-8). Give n(q).
-3
Let u(l) = -l**3 - 5*l**2 + 7*l + 6. Let d = -16 + 18. Suppose 3*j - j + 12 = -d*i, j = 2*i - 6. Determine u(j).
0
Let s(k) = -k**2 + 7*k - 8. Let f be s(7). Let b be (-4)/f*-2*(-1 - -7). Let w(y) = y + 2. Calculate w(b).
-4
Let y(c) = -5*c + 7. Suppose o + 3 = 0, 5*o - 43 = -5*b + 6*o. Give y(b).
-33
Suppose 2*m - 14 = -6, 2*o + m = -8. Let u(a) = -a**2 - 8*a - 8. Calculate u(o).
4
Let r(d) = -7*d - 14. Let z(f) = -f**3 - 15*f**2 - 48*f + 20. Let h be z(-5). What is r(h)?
-84
Suppose 9*k - 15 = 12. Let j = -13 + 10. Let m(i) = -i**3 + 7*i**2 + 2*i + 2. Let l(u) = u**3 - 6*u**2 - u - 2. Let r(a) = j*m(a) - 4*l(a). Determine r(k).
-4
Let r(z) = -4 - 5*z - 6*z**2 + 1 + z**3 + 11. Calculate r(6).
-22
Let s(a) = -a + 2. Let t(h) = 8*h - 15. Let x(z) = 14*s(z) + 2*t(z). What is x(5)?
8
Let p(n) = 2*n - 2. Let w(a) = -a**3 + 3*a**2 + a - 4. Let s be w(3). Let t(g) = 8*g + 2. Let d be t(-2). Let l be 1 - s - d/(-2). Give p(l).
-12
Let h(n) = 4*n + 31. Let t be h(-7). Let c(m) = 3 + 9 - 1 + m - t. Let x(p) = -p**3 - 4*p**2 + p - 2. Let v be x(-4). Determine c(v).
2
Let v(o) = -16*o**3 - 10*o**2 - 12*o + 6. Let t(n) = 3*n**3 + 2*n**2 + 2*n - 1. Let x(a) = -11*t(a) - 2*v(a). Give x(1).
-2
Let a = -57 - -42. Let r = a - -12. Let b(i) = i + 4. What is b(r)?
1
Let k(a) = -5*a**3 - a**2 + 2*a + 1. Let c(d) = -6*d**2 - 86*d - 30. Let z be c(-14). Calculate k(z).
